ts digit of t?
7
Let i be 2 - (3 - 1) - 1. What is the units digit of i - -2 - (-2 - 39)?
2
Let b = 11 - 11. Suppose -74 = -b*i - 2*i. What is the units digit of i?
7
Suppose -n - 3*w + 53 = 0, -n - 5*w + 0*w = -51. Suppose -h - n = h. Let j = -16 - h. What is the units digit of j?
2
Suppose -2*v = 2*v - 20. Suppose 0*a - 4*a + 48 = 0. Suppose p = a - v. What is the units digit of p?
7
Let c(f) be the first derivative of -f**3/3 + 13*f**2/2 - 11*f - 8. What is the units digit of c(12)?
1
Suppose 85 = 8*s - 3*s. What is the tens digit of s?
1
Suppose 0 = t - 4*a - 61, t + 61 = 2*t + 4*a. What is the tens digit of t?
6
Suppose -5*z = -10, 2*x + 4*z = 6*x - 1184. What is the units digit of x?
8
Suppose 12 = 2*f - 0*f. What is the units digit of f?
6
Let l be 12/(-6)*(8 + 0). Let d = 4 - l. What is the tens digit of d?
2
Let k = -1 - 2. Let x(n) = -5*n - 2. What is the tens digit of x(k)?
1
Let x(d) = 3*d - 1. Let h be x(1). Suppose 53 - h = 3*s. What is the units digit of s?
7
Let y(p) be the second derivative of 0 + 9/2*p**2 - 1/6*p**3 - 2*p. What is the units digit of y(8)?
1
Suppose 0 = 4*f + 8, 0*c - f + 8 = 2*c. Suppose 28 + 27 = c*l. What is the units digit of l?
1
Suppose 0 = -3*f - 0*s - 3*s + 21, 5*f + 3*s - 25 = 0. Suppose -3*n = -g - 3, n - 1 = -f*g + g. What is the units digit of n?
1
Let s(r) be the second derivative of 3*r**5/20 + r**4/12 - r**3/6 - 2*r. Let k(q) = -q**3 + 6*q**2 + q - 5. Let t be k(6). What is the units digit of s(t)?
3
Let d(a) = a**3 + 5*a**2 - 41*a - 1. What is the tens digit of d(-8)?
3
Suppose 2*z - 5 = 7*z. Let j = z - -23. What is the tens digit of j?
2
Suppose u + 7 = -0*u. Let c = -5 + u. Let y = c - -19. What is the units digit of y?
7
What is the hundreds digit of 2800/15 + (-6)/9?
1
What is the units digit of (-6)/(-4)*40/15?
4
Suppose 4*q = 6*q - 8. Let v = 17 - q. What is the units digit of v?
3
Let b be -2 + 3 + (-34)/(-2). Suppose -b = -3*l - 6. What is the units digit of l?
4
What is the tens digit of -177*2*2/(-12)?
5
Let v = 4 - 1. Suppose 3*m = -4*h + 1 + 7, -2*h = -v*m + 14. Suppose -2*q + m = -6. What is the units digit of q?
5
Suppose 5*r - 5 = 0, 3*g + 2*r - 4 = 4*r. Let n(x) = 33*x**2. Let h be n(1). Suppose -h = -g*a - 11. What is the tens digit of a?
1
Suppose 0 = -0*l + 2*l - 4*d - 6, -4*l - 27 = 5*d. Let n = 5 - l. What is the units digit of n?
8
Let r(z) = z**2 - 5*z - 13. What is the units digit of r(-3)?
1
Let s(u) = u**3 - 5*u**2 + 7*u - 6. Let f be s(4). Suppose -f*g + 8 = -2*g. Suppose 3*t - 6 = -g*n + 22, 4*t - 16 = 0. What is the units digit of n?
8
Let z = 7 + -7. Let l(j) = -3 - 3*j + 0*j + z + j. What is the units digit of l(-8)?
3
Let g = 7 + 1. Let o be 6/2 - g/(-4). Suppose 9 = t + 4*p, -2*t + 22 = -p + o*p. What is the tens digit of t?
1
Let c(o) = -5*o**3 - 2*o**2 - o + 2. Let d(m) = -11*m**3 - 4*m**2 - 2*m + 4. Let q(u) = 5*c(u) - 2*d(u). What is the tens digit of q(-2)?
2
Let h = 5 + -10. Let l(o) = 2*o**2 - 4*o + 0*o**2 + 6 - 3*o**2. What is the units digit of l(h)?
1
Let n = -18 + 49. What is the units digit of n?
1
Let h = 53 - -68. What is the hundreds digit of h?
1
Let c(x) be the first derivative of -x**5/20 + 2*x**4/3 + 4*x**2 - x - 2. Let u(y) be the first derivative of c(y). What is the units digit of u(8)?
8
Let g(a) = 27*a**2 + 4*a + 4. What is the hundreds digit of g(-2)?
1
Suppose 3*b + p + 38 = 6*b, -3*b + 36 = -3*p. What is the units digit of b?
3
Let h(v) be the first derivative of v**2 - 12*v - 8. Suppose -2*l - 3*d + 31 = 0, -l - 4*l = 5*d - 65. What is the units digit of h(l)?
4
Suppose 5*l = -2*v + 82 + 8, 0 = -4*v + 2*l + 204. What is the tens digit of v?
5
Let v = -3 + 3. Suppose v - 10 = -2*j. Suppose -j*l - 5*p + 65 = 0, l + 7 = 4*p - 0*p. What is the units digit of l?
9
Let f(k) = -5*k**3 - 2*k**2 + 6*k - 4. Let b(m) = -9*m**3 - 4*m**2 + 11*m - 7. Let l(h) = -4*b(h) + 7*f(h). What is the units digit of l(-2)?
4
Let v(t) = -t**3 - 6*t**2 - 4*t - 7. Let s(b) = -b**3 - 6*b**2 - 3*b - 6. Let y(i) = 3*s(i) - 2*v(i). What is the units digit of y(-6)?
2
Let i be -2 - (-6)/(-4)*-4. Let f = 3 - i. Let m(z) = -4*z**3 - 2*z**2 + 1. What is the units digit of m(f)?
3
What is the tens digit of (-2)/(-3)*1359/6?
5
Let t = -1 + 0. Let m = t - -8. What is the units digit of m?
7
Let f(v) = -v**2 - 17*v - 10. What is the units digit of f(-13)?
2
What is the hundreds digit of (-4)/8*155*-2?
1
Let s(t) = t - 2. Let b be s(5). Suppose 0 = -b*m + 4*h + 9, -h + 6 = 2*m - 3*h. Suppose -m*x + 33 = 12. What is the units digit of x?
7
Let l(p) = -p**3 - 2*p**2 - p. Let q be l(-2). Suppose -5*x = -4*x - m - 18, q*m + 68 = 4*x. What is the tens digit of x?
1
Let y = 93 - 39. What is the units digit of y?
4
Let o(i) = -i**2 - 5*i - 2. Let r(q) = 4*q**2 + 16*q + 5. Let k(b) = 7*o(b) + 2*r(b). What is the units digit of k(6)?
4
Suppose 0 = i + 3*i + 36. Let b(g) = -g + 8. What is the tens digit of b(i)?
1
Suppose -19*u + 4*u + 420 = 0. What is the units digit of u?
8
Let o = 5 + -5. Suppose o*x - 2*x + 8 = 5*j, -4*x + 16 = -3*j. Suppose 3*v - x = 2. What is the units digit of v?
2
Let u = -6 - -8. Suppose 0 = p - u + 7. Let d = 10 + p. What is the units digit of d?
5
Let f be 12/5 + 6/(-15). Let h be 7*(1 - (2 - f)). Suppose -2*w = -5 - h. What is the units digit of w?
6
Let p(a) = a**2 - 6*a - 3. Let y be p(6). Let f be (3/(-2))/(6/(-4)). Let v = f - y. What is the units digit of v?
4
Let p be ((-2)/(-4))/((-1)/(-6)). Let d = 5 - p. Suppose d*j = 39 - 11. What is the units digit of j?
4
What is the units digit of (-6)/(-33) - 260/(-22)?
2
Let c = 25 + -15. Suppose c + 20 = 5*g. Let q = g + -4. What is the units digit of q?
2
Let q = -1 + 2. Suppose -3*i + q - 7 = 0, 5*u + 3*i = -11. What is the units digit of 21/6*(3 + u)?
7
Let i = 13 - -19. What is the tens digit of i?
3
Let h(w) = -w**2 + 30. Let a be h(0). Let k = a + -16. What is the units digit of k?
4
Suppose -20 = -i + 5*f + 13, -69 = -4*i - f. What is the tens digit of i?
1
Let k(b) = -b**3 - 2*b**2 - b + 1. Let c be k(-4). Suppose 4*a - c = -5*m, m - 4 + 2 = a. What is the units digit of m?
5
What is the units digit of (28/21)/(2/9)?
6
Let y(v) = 3*v + 22. What is the tens digit of y(4)?
3
What is the units digit of (-65)/(-9) + (-44)/36 + 1?
7
Let h = -89 - -187. What is the tens digit of h?
9
Let y = 4 + -4. Suppose 2*o - 36 = -y*o. What is the units digit of o?
8
Let j = 17 + -17. Suppose 5*t - 5*s = 150, j = -0*s - s + 5. What is the units digit of t?
5
Suppose 4*v + 4*w = 60, 2*v - 2*w = v + 15. Suppose 3*a - 9 = x, a = -3*x - 2*a - v. What is the units digit of 3/6 - 3/x?
1
Let o(c) = c**3 + 11*c**2 - 18*c. What is the tens digit of o(-12)?
7
Let q be ((-10)/8 - -2)*-8. Let p = 15 + q. What is the units digit of p?
9
Let q = 0 - 1. What is the units digit of (-1)/((q - 0)/1)?
1
Suppose 0*s + 4*s - 12 = 0, 3*s = 2*x + 1. Suppose 13 = -d - 4*y - 4, 2*d + 2*y = -x. Suppose -4*r - b = 4*b + 1, -3*r - d*b = -3. What is the units digit of r?
6
Let z(a) = a**2 + 3. Let j be z(0). Let x(i) = -i + 6. Let h be x(5). Let u = h + j. What is the units digit of u?
4
Suppose 0*i + 13 = 2*i - 5*s, 0 = 3*i + 2*s - 29. What is the units digit of i?
9
Suppose 13*o - 16*o = -12. What is the units digit of o?
4
Suppose 0*w + 4*w - 8 = 0. Suppose 0 = p + 5*q - 14, 2*p + 0*q = 4*q - 14. What is the units digit of (w - p) + (2 - 0)?
5
Suppose p - 31 = -i, 0 = -4*p + p + 3*i + 81. What is the units digit of p?
9
Let z be (12 + -13)/(1/(-5)). Let k = 7 - 3. Suppose k*i + z = 29. What is the units digit of i?
6
Let t(o) be the first derivative of -o**4/4 + 2*o**3 - 3*o**2 + o + 3. What is the units digit of t(4)?
9
What is the units digit of ((-20)/(-8) - 4)*-2?
3
Let a be (-1)/2 + (-2)/4. Let l be (-27)/6*(a + 3). Let i(h) = -h**2 - 9*h + 6. What is the units digit of i(l)?
6
Let c(r) = r. Let o be c(-4). Let z be (-3)/12 - 45/o. Suppose 0 = 5*y - 6*y + z. What is the units digit of y?
1
Let s(c) = c**2 - 6*c + 12. What is the tens digit of s(12)?
8
Suppose -2*a + 3*y + 279 = -0*a, 438 = 3*a + 2*y. What is the tens digit of a?
4
Let u = -3 + 10. What is the units digit of u?
7
Suppose 0 = s - 5, -q + 2*q + 2*s - 43 = 0. What is the units digit of q?
3
Let c(h) = -6*h + 59. What is the units digit of c(7)?
7
Suppose -176 + 538 = 